a composite number?
False
Is 24595157557 a prime number?
True
Is 672856507 a prime number?
False
Is 572135513 a composite number?
True
Is 1051527121 a composite number?
True
Is 549191197 prime?
False
Is 19326499571 composite?
True
Is 69703171 a prime number?
False
Is 272564249 a composite number?
True
Is 2364917333 a prime number?
True
Is 47809048757 composite?
False
Is 13444197983 composite?
False
Is 375189487 prime?
True
Is 66139583 composite?
False
Is 156864339059 a composite number?
False
Is 88915789 prime?
True
Is 17608912985 a prime number?
False
Is 29246767933 a composite number?
False
Is 118127137 a prime number?
False
Is 209562711637 composite?
False
Is 12410084123 a prime number?
False
Is 46151086829 a composite number?
False
Is 756981649 a composite number?
False
Is 13541178887 a prime number?
False
Is 814455527 a composite number?
True
Is 3230625539 composite?
False
Is 104633527 composite?
False
Is 4768186253 a prime number?
False
Is 1488503321 composite?
False
Is 26189472599 prime?
True
Is 28428318539 composite?
False
Is 478269613 a prime number?
False
Is 1829402927 prime?
False
Is 423142001 composite?
False
Is 49089121157 a prime number?
False
Is 484393499 a prime number?
True
Is 44145609329 a composite number?
False
Is 211553449 a composite number?
False
Is 27404060213 a composite number?
False
Is 1168321659 a prime number?
False
Is 15224405477 composite?
False
Is 733171531 prime?
True
Is 53262078899 a prime number?
True
Is 5123253106 composite?
True
Is 5141024201 a prime number?
False
Is 215337146521 a composite number?
True
Is 52038650077 a composite number?
False
Is 149442203 a composite number?
True
Is 6684070082 a prime number?
False
Is 3194787467 a prime number?
True
Is 429722309 prime?
True
Is 183774205 prime?
False
Is 11361727187 a prime number?
False
Is 317198207 composite?
False
Is 57928529849 prime?
False
Is 45738593567 composite?
False
Is 337196495663 a prime number?
True
Is 18386816587 a composite number?
False
Is 1902842353 a composite number?
False
Is 68930815391 a composite number?
True
Is 39817962487 prime?
True
Is 446868578437 prime?
True
Is 18904595497 a prime number?
True
Is 35248583 prime?
True
Is 41362300213 composite?
True
Is 3909750407 prime?
False
Is 924533917 prime?
True
Is 2517537553 prime?
True
Is 1384727693 prime?
True
Is 44762967763 a prime number?
False
Is 1131183881 a composite number?
False
Is 341327387 a prime number?
False
Is 70723901 composite?
True
Is 26730958699 composite?
True
Is 40782223961 a prime number?
True
Is 180654151 a prime number?
True
Is 1177170553 prime?
False
Is 933131929 prime?
True
Is 83770779361 a composite number?
False
Is 7085798647 a prime number?
False
Is 319383821 prime?
True
Is 981594043 composite?
True
Is 73274729029 prime?
True
Is 1575955639 composite?
False
Is 16521213347 composite?
False
Is 10600765027 prime?
True
Is 1333575343 a composite number?
False
Is 1670259797 prime?
True
Is 676636733 a prime number?
False
Is 46965463 a composite number?
False
Is 29375086291 a prime number?
False
Is 102497025721 a composite number?
False
Is 3177685943 composite?
False
Is 3801799717 composite?
False
Is 323455963 a prime number?
True
Is 51826106263 composite?
False
Is 42274789787 a prime number?
False
Is 8693697713 composite?
False
Is 355409981 a prime number?
True
Is 107737361 prime?
False
Is 21991499581 a composite number?
True
Is 16295875913 a prime number?
True
Is 57708038849 a composite number?
False
Is 269492741 a composite number?
True
Is 656478077 prime?
True
Is 404920763827 a composite number?
False
Is 347640911 a composite number?
False
Is 1985494871 a prime number?
True
Is 1768898519 composite?
False
Is 1451242885 prime?
False
Is 73053361 composite?
False
Is 208012729 a composite number?
False
Is 6465308951 a prime number?
True
Is 2880881233 a composite number?
True
Is 4605555191 composite?
False
Is 77866294393 composite?
False
Is 17366502809 prime?
True
Is 187255787317 composite?
False
Is 3975804509 prime?
True
Is 56210846383 a composite number?
True
Is 200946727 prime?
False
Is 420485101 a composite number?
False
Is 109836056567 prime?
True
Is 338587177 composite?
True
Is 24501529219 a prime number?
True
Is 281120878715 composite?
True
Is 20862110221 prime?
True
Is 4962677 a prime number?
True
Is 33198133697 composite?
True
Is 67158167 a prime number?
True
Is 87767051 a composite number?
False
Is 9397838057 prime?
True
Is 6847162463 a composite number?
True
Is 1340540219 a composite number?
True
Is 255832498913 a composite number?
True
Is 165843289 composite?
True
Is 2110534567 prime?
True
Is 758621881 a prime number?
True
Is 56086629611 composite?
False
Is 147681949 prime?
False
Is 10247446619 prime?
False
Is 2239042991 a composite number?
True
Is 1993748387 a prime number?
True
Is 1175342117 prime?
True
Is 2040708887 composite?
True
Is 9685992013 prime?
False
Is 4016827231 prime?
True
Is 202351609 a composite number?
True
Is 36978136037 a composite number?
True
Is 176195071 a composite number?
True
Is 7624837741 a prime number?
False
Is 1156629913 a prime number?
True
Is 981669917 a composite number?
False
Is 23845105079 a prime number?
False
Is 22565107661 a prime number?
False
Is 2339955383 prime?
True
Is 25735162433 a composite number?
True
Is 442609851 a composite number?
True
Is 18288133 a composite number?
False
Is 98227546291 prime?
False
Is 166453789 a composite number?
False
Is 72137005 a composite number?
True
Is 370719907 composite?
False
Is 3086277349 composite?
False
Is 214323117 prime?
False
Is 3388703195 a prime number?
False
Is 379638593 a composite number?
False
Is 1227121111 a prime number?
False
Is 1142120347 a composite number?
False
Is 504729713 prime?
False
Is 18776944013 a composite number?
False
Is 588880097 prime?
False
Is 11341728703 a prime number?
True
Is 841817419 a composite number?
False
Is 138276301459 prime?
False
Is 96636433 composite?
True
Is 4009717 composite?
True
Is 22204026139 composite?
False
Is 14341293463 prime?
False
Is 14570613361 prime?
False
Is 6095082493 composite?
False
Is 465888373 prime?
False
Is 14326419397 a prime number?
True
Is 604422619 prime?
True
Is 4417645555 prime?
False
Is 5256165113 prime?
False
Is 1592158277 composite?
False
Is 3604631623 a composite number?
False
Is 3445706089 prime?
False
Is 3835802627 a prime number?
True
Is 558264643 composite?
False
Is 25555568543 prime?
True
Is 353619997 composite?
True
Is 29375840629 a composite number?
True
Is 830169502 a composite number?
True
Is 5768848829 a prime number?
True
Is 20867023741 prime?
True
Is 1120128677 prime?
True
Is 1178684659 composite?
True
Is 596192719 a prime number?
True
Is 4065092287 a prime number?
True
Is 4583452117 a prime number?
False
Is 243379651 a prime number?
True
Is 431297087 prime?
False
Is 82605852011 prime?
True
Is 1010499905 composite?
True
Is 53350002071 prime?
True
Is 865976977 composite?
True
Is 10440866257 a composite number?
True
Is 676862947 prime?
False
Is 44089356793 composite?
False
Is 892448673 prime?
False
Is 1279667617 prime?
True
Is 4566746663 a composite number?
False
Is 2748913021 prime?
True
Is 3944351031 prime?
False
Is 46478923313 a prime number?
True
Is 4289074318 composite?
True
Is 67469502934 composite?
True
Is 9422985953 composite?
False
Is 624198709 a prime number?
True
Is 33469420009 composite?
False
Is 95192197261 a composite number?
True
Is 83490221 a prime number?
True
Is 27155514907 composite?
False
Is 623612729 prime?
False
Is 35315618693 a composite number?
False
Is 5292847037 prime?
True
Is 3291328577 a composite number?
False
Is 34339620307 a prime number?
True
Is 19139825803 prime?
False
Is 2745174811 a composite number?
False
Is 178010731 composite?
True
Is 15543677 prime?
False
Is 16611564461 a prime number?
True
Is 231279839 prime?
False
Is 30192887 composite?
False
Is 6139303993 a prime number?
False
Is 110203403 prime?
True
Is 656436421 a composite number?
False
Is 146958555113 composite?
True
Is 313781408387 a prime number?
True
Is 14245195577 a composite number?
True
Is 19279468823 prime?
True
Is 1670661737 a composite number?
True
Is 822846679 a prime number?
False
Is 13526993737 composite?
False
Is 119810213293 a composite number?
True
Is 936198649 a composite number?
True
Is 